*2 + p + 5. Let j be w(0). Let m(g) = g**3 - 3*g**2 + 2*g + 2. Let s be m(5). Let o = s - j. Is o composite?
True
Let h(m) = -m**3 + 6*m**2 + m - 8. Let p be h(6). Is (10/p)/35 + (-3880)/(-14) prime?
True
Suppose 50*l + 3*l = 564503. Is l composite?
False
Suppose -392836 = -14*u - 94706. Is u prime?
False
Let r = 18 - 13. Suppose 6*z + 4570 = 5*p + 3*z, 3*p - r*z = 2758. Is p prime?
True
Suppose 1780 = 6*f - 2*f. Suppose 2*q = 5*w - f - 103, w - q = 109. Suppose -n + w = -193. Is n prime?
False
Suppose 20 - 4 = 4*c + 4*s, 0 = c + 3*s + 2. Let z be 30/2 - (2 + -1). Is c/(z/(-4)) + 295 a prime number?
True
Let l be (-1)/(100/(-48) + 2). Suppose -3353 = 5*w - l*w. Is w a composite number?
False
Suppose 0 = 2*u - o - 4231, 1432 = u + 2*o - 686. Suppose 40*a = 36*a + u. Is a a composite number?
True
Let i be (11 - 15) + 4/1. Is (1 + i)/(-2)*-586 a prime number?
True
Let w(v) = 486*v**2 + 39*v + 7. Is w(-6) a prime number?
False
Let j be (-4 - (-14992)/(-24)) + 2/3. Is -2*(3 + -3 - j/(-8)) prime?
True
Let z(s) = -56*s**3 + 21*s**2 + 5*s + 7. Is z(-6) prime?
True
Is -16 + 21 + 53466 + -1 + 1 prime?
False
Suppose -3*m + 3300 = -891. Is m composite?
True
Is 4 - 7*(-5)/10*1198 a prime number?
False
Let v = -4894 - -16881. Is v a prime number?
True
Suppose -k = -5*k + 5564. Is k a composite number?
True
Suppose -15*z + 29*z = 17878. Is z composite?
False
Let d(c) = -3*c**2 + c + 1481. Let t(f) = 2*f**2 - f - 1481. Let j(s) = -3*d(s) - 4*t(s). Is j(0) a prime number?
True
Is -6*(-777)/2 - -2 a prime number?
True
Let a be (0/2)/(6 - (-6 + 10)). Suppose -s + 80 + 587 = a. Is s composite?
True
Let f = -14 - -13. Let l be f/((-4)/1596) - -1. Suppose -l + 19 = -3*w. Is w a prime number?
True
Let i(k) = -3*k + 24. Let v be i(6). Let o(w) = 5*w - 10 + 3 - 6 + 12*w. Is o(v) composite?
False
Let g = 70 - 67. Suppose g*i - 4*a = -0*i + 3643, 2*i - a - 2427 = 0. Is i a composite number?
False
Suppose 0 = -2*k - 4*h + 12438, -3*h + 6214 = k - 0*k. Is k prime?
True
Let n = -273 - -122. Let l be (4/(-10))/((-3)/2715). Let a = l + n. Is a a prime number?
True
Let h(n) = -21*n**2 - n. Let f be h(8). Let p = -683 - f. Suppose -4*k + k = -p. Is k composite?
False
Suppose -2*m - 3*t = -t - 80, 3*t = -2*m + 75. Suppose 3*l = 2*l - 19. Let u = l + m. Is u a prime number?
False
Let l(t) = -t**3 + 10*t**2 - 20*t - 5. Let b be l(7). Suppose 0 = -b*i + 304 + 310. Is i prime?
True
Is 733544/120 + 2/15 a composite number?
False
Suppose -5*z = 9*z - 140. Suppose -z*l + 2671 = 641. Is l a composite number?
True
Suppose -3*v + 28002 - 4281 = 0. Is v composite?
False
Let q(u) = 82*u**3 - 6*u**2 + 3*u - 7. Let v be q(4). Is ((-5)/(15/(-2)))/(6/v) a composite number?
True
Is (-1)/(-15)*164601 - (-4)/(-10) a prime number?
True
Suppose 6*a - 5*y = 4*a + 4512, -5*y = -3*a + 6763. Is a composite?
False
Let s(g) be the first derivative of -5 + 6*g + 10*g**2 - 13*g + 14*g**2. Is s(5) a composite number?
False
Suppose 0 = -9*s + 13789 + 14624. Suppose 5*a + 4*r - s = 8*r, 0 = 3*a + 4*r - 1907. Is a a composite number?
True
Suppose 0 = 15*f - 1235 - 3370. Is f prime?
True
Let o(m) be the second derivative of -m**5/10 - 5*m**4/12 - 3*m**3/2 + 11*m**2/2 - 24*m. Is o(-8) composite?
False
Let z be 26/6 + 14/21. Is 3 + -3 - -1290 - z composite?
True
Suppose 3*q - 861 = 3*s, 2*s + 15 = -s. Let u = 672 - q. Let h = -187 + u. Is h a prime number?
False
Let c(r) = -2*r - 10. Let f be c(-7). Suppose -j + 15 = f*j. Suppose -j = -3*m + 15. Is m a composite number?
True
Is (0 - 5)/(-5) - -5556 a prime number?
True
Suppose 4*m - m = 60. Let t = -21 + m. Is (10 - -337)/(0 - t) a prime number?
True
Suppose -4*v = -y + 9 + 5, y - v - 5 = 0. Let r be -1 + 0 + 21*y. Suppose 3*s - 104 + r = 0. Is s prime?
False
Suppose -3*q - k = -620554 + 187115, 0 = -2*q - 2*k + 288962. Is q prime?
True
Let p(z) = 14*z**2 + 3*z - 3. Let v be -5*2/(-5)*(1 + 1). Is p(v) composite?
False
Is (-177774)/(-15) + 9/(-15) prime?
False
Let i(x) = -872*x**3 + x**2 - 2*x - 4. Let z be i(-2). Suppose -7*o + 3*o = -z. Is o a composite number?
True
Suppose -823 = -x + 4438. Is x composite?
False
Suppose 15*z = -12814 + 41539. Is z composite?
True
Let h be (1 - 1)*10/20. Suppose 6*c - 5*c = h. Suppose 2*i + 10 = c, 2*v - 1847 = -i + 1234. Is v a prime number?
True
Let o = 13548 - 501. Is o prime?
False
Suppose 0 = -t - 2 - 1. Let i be 2 - -321 - 6/t. Suppose -3*o + c + 3*c = -1005, i = o + 2*c. Is o composite?
False
Let l = 39 + -8. Let w be (l/(-4))/(3/(-36)). Suppose a + 220 = 5*b + 6*a, -3*a + w = 2*b. Is b prime?
False
Suppose -2*c + 14 = -2*y, 2*c + 3*y - 19 = -3*c. Suppose -8 + 2 = 3*j, 2*j = -c*p + 411. Is p a composite number?
False
Let j(v) = 1038*v**2 - v + 7. Is j(8) composite?
False
Let s = 30356 + -18055. Is s composite?
False
Suppose 0 = -5*g - 20, -f + g + 6680 = -1743. Is f prime?
True
Let t(u) = 3*u**3 + 6*u**2 + 7*u - 11. Is t(7) prime?
True
Let b(y) = -4*y + 23. Let z be b(7). Is (z - 482)*(2 + -9 - -2) prime?
False
Let h = -12 - -15. Is 542 - (-1)/((0 - 3)/h) composite?
False
Suppose 7162 = -5*i + 3*q - 4819, 4*i + 9586 = 3*q. Let y = 5062 + i. Suppose 5*f - y = -2*f. Is f a composite number?
True
Let c = 128 + -153. Let h(j) = -20*j + 65. Is h(c) prime?
False
Suppose 3*m = 0, -t + 5*t - m = 52908. Is t prime?
False
Let f = -219 - -1016. Is f prime?
True
Let d be (-2)/(-8) - (-10)/(-8). Suppose 6*n = 3*o + n + 13, 0 = 2*o + 5*n + 17. Is d - o/(6/35) prime?
False
Suppose -3*n + 19 = -2. Let w(x) = -n*x + 16*x + 13 + 20*x - 5*x. Is w(6) a composite number?
False
Let v = -199 + 345. Suppose -c - v = 2*b - 853, b = 3. Is c prime?
True
Is 2 + 1 + -9 - -4565 prime?
False
Suppose -5*c - 2*d + 28504 = -4488, -5*d - 19820 = -3*c. Let m = c + -4499. Is m a composite number?
True
Suppose 2*x - 1737 = 4*q + 3357, -3*x = -q - 7646. Suppose 0 = -2*c - 2*g + 960, -159 + x = 5*c - 5*g. Is c composite?
False
Let u be 15/5 - (3 + 2). Is u*1*(-776)/8 a composite number?
True
Suppose 22*z = 4464 + 6294. Is z composite?
True
Suppose -15*m + 9*m + 135834 = 0. Is m a prime number?
True
Let l(d) = 0 + 3*d + 1 + 3*d**2 + 0. Let b = -1399 - -1409. Is l(b) prime?
True
Suppose 5*c = v - 10, 3*c + 4*v = c - 4. Is 1402/4*(c + 10 + -6) prime?
True
Let f = 521 - -392. Is f a prime number?
False
Let q(m) = -1 + 17*m**2 + 14*m + 14 - 3. Is q(-7) prime?
False
Suppose 0 = 2*p - 4*n - 10902, 0 = 4*p + p + n - 27233. Is p composite?
True
Let l be (-994)/49 - (-4)/14. Let o be l/6*606/(-4). Suppose -o = -5*h + 4*x - 55, 0 = 4*h - x - 371. Is h prime?
False
Let m(q) = -60*q**2 - 31*q + 65. Let o(d) = -d**3 - 2*d - 1. Let c be o(-1). Let l(y) = -15*y**2 - 8*y + 16. Let g(b) = c*m(b) - 9*l(b). Is g(5) a prime number?
False
Let f = 122 + -121. Is (4/2*f)/(-1) + 447 a composite number?
True
Let r(i) = -4*i**3 - i - 1. Let u be r(-1). Suppose 444 = -4*n - u*c, -3*n = -2*c + 306 + 32. Let d = n + 239. Is d a prime number?
True
Suppose 6*q - q = -3*a + 206161, a - 5*q - 68707 = 0. Is a prime?
False
Suppose -4*j = 0, s + 5 = 4*j + 157. Let i = 293 - s. Is i prime?
False
Suppose -2*f - 3*o = 6, -3*f + o + 2 = -0*o. Suppose f = -3*g - 3*x - x + 5281, -x - 8794 = -5*g. Is g a prime number?
True
Suppose 36*s = 20*s + 77648. Is s composite?
True
Let r(z) = 2*z**3 + 2*z**2 - z + 2. Let y be r(-2). Is 2/y*(1044 - 2)/(-1) prime?
True
Suppose 2*g = -5*a + 4 + 2, 3*a + g - 4 = 0. Let s = a - -1. Is 3 - (s + (-295 - -2)) prime?
True
Suppose -16 = 4*a - 56. Let d(k) = -2*k + 69 + a + 82. Is d(0) prime?
False
Let q = 13649 - -9186. Is q a composite number?
True
Let g = 2279 - 1188. Suppose -68 + g = 3*j. Is j a composite number?
True
Let t = 29 - 26. Suppose t*z + 3*j - 1512 = 0, -2*z + 149 = -3*j - 879. Suppose 2*n - 5*k - z = 0, n - 4*n = -4*k - 762. Is n a composite number?
True
Suppose -g + 3*i + 649 = -1075, -2*g = -2*i - 3428. Is g composite?
False
Let s(h) = -3*h**2 - 678*h**3 + 5 + 700*h**3 - 3. Let q(o) = o**2 + 4*o + 2. Let y be q(-4). Is s(y) a prime number?
False
Let g(j) be the second derivative of 9*j**3 - 5/2*j**2 + 0 - 4*j. Is g(3) composite?
False
Let o be (0 + 0 - 2) + 7. Suppose 4*h - 3228 - 2220 = -4*w, 0 = -4*h + o*w + 5439. Is h a composite number?
False
Let o = 141151 - 52538. Is o a composite number?
True
Let a(o) = o**3 + 13*o**2 + 23*o + 1. Let v be a(-11